{"id":2568,"date":"2020-12-23T05:54:00","date_gmt":"2020-12-23T05:54:00","guid":{"rendered":"https:\/\/wordpress-486734-1655966.cloudwaysapps.com\/?page_id=2568"},"modified":"2025-03-24T04:45:46","modified_gmt":"2025-03-24T03:45:46","slug":"home","status":"publish","type":"page","link":"https:\/\/tourismedika.com\/","title":{"rendered":"Anasayfa"},"content":{"rendered":"<style>.kb-row-layout-wrap.wp-block-kadence-rowlayout.kb-row-layout-id2568_489131-0c{margin-top:0px;margin-bottom:0px;}.kb-row-layout-id2568_489131-0c > .kt-row-column-wrap{align-content:start;}:where(.kb-row-layout-id2568_489131-0c > .kt-row-column-wrap) > .wp-block-kadence-column{justify-content:start;}.kb-row-layout-id2568_489131-0c > .kt-row-column-wrap{column-gap:var(--global-kb-gap-none, 0rem );row-gap:var(--global-kb-gap-md, 2rem);max-width:1140px;margin-left:auto;margin-right:auto;padding-top:170px;padding-right:10px;padding-bottom:130px;padding-left:10px;grid-template-columns:minmax(0, calc(63.6% - ((var(--global-kb-gap-none, 0rem ) * 1 )\/2)))minmax(0, calc(36.4% - ((var(--global-kb-gap-none, 0rem ) * 1 )\/2)));}.kb-row-layout-id2568_489131-0c{background-image:url('https:\/\/tourismedika.com\/wp-content\/uploads\/2025\/03\/AdobeStock_958900811.webp');background-size:cover;background-position:100% 9%;background-attachment:scroll;background-repeat:no-repeat;}.kb-row-layout-id2568_489131-0c > .kt-row-layout-overlay{opacity:0.65;background-color:var(--global-palette2, #2B6CB0);}@media all and (max-width: 1024px){.kb-row-layout-id2568_489131-0c > .kt-row-column-wrap{padding-top:120px;padding-right:120px;padding-bottom:60px;padding-left:60px;grid-template-columns:minmax(0, 2fr) minmax(0, 1fr);}}@media all and (max-width: 767px){.kb-row-layout-id2568_489131-0c > .kt-row-column-wrap{padding-right:20px;padding-left:20px;grid-template-columns:minmax(0, 1fr);}}<\/style><div class=\"kb-row-layout-wrap kb-row-layout-id2568_489131-0c alignnone kt-row-has-bg wp-block-kadence-rowlayout\"><div class=\"kt-row-layout-overlay kt-row-overlay-normal\"><\/div><div class=\"kt-row-column-wrap kt-has-2-columns kt-row-layout-left-golden kt-tab-layout-inherit kt-mobile-layout-row kt-row-valign-top\">\n<style>.kadence-column2568_e3607e-22 > .kt-inside-inner-col,.kadence-column2568_e3607e-22 > .kt-inside-inner-col:before{border-top-left-radius:0px;border-top-right-radius:0px;border-bottom-right-radius:0px;border-bottom-left-radius:0px;}.kadence-column2568_e3607e-22 > .kt-inside-inner-col{column-gap:var(--global-kb-gap-sm, 1rem);}.kadence-column2568_e3607e-22 > .kt-inside-inner-col{flex-direction:column;}.kadence-column2568_e3607e-22 > .kt-inside-inner-col > .aligncenter{width:100%;}.kadence-column2568_e3607e-22 > .kt-inside-inner-col:before{opacity:0.3;}.kadence-column2568_e3607e-22{position:relative;}@media all and (max-width: 1024px){.kadence-column2568_e3607e-22 > .kt-inside-inner-col{flex-direction:column;justify-content:center;}}@media all and (max-width: 767px){.kadence-column2568_e3607e-22 > .kt-inside-inner-col{flex-direction:column;justify-content:center;}}<\/style>\n<div class=\"wp-block-kadence-column kadence-column2568_e3607e-22 inner-column-1\"><div class=\"kt-inside-inner-col\">\n<div style=\"text-align: left; padding: 20px;\">\n  <h1 style=\"font-size: 60px; font-weight: 800; color: white; margin: 0;\">\n    <span class=\"notranslate\">DreamTeam<\/span><br>\n    <span class=\"notranslate\">Travel<\/span>\n  <\/h1>\n<\/div>\n\n<style>\n  .notranslate {\n    translate: no;\n  }\n<\/style>\n\n\n<style>.wp-block-kadence-advancedheading.kt-adv-heading2568_e876c6-3d, .wp-block-kadence-advancedheading.kt-adv-heading2568_e876c6-3d[data-kb-block=\"kb-adv-heading2568_e876c6-3d\"]{margin-bottom:0px;font-weight:700;font-style:normal;color:#ffffff;}.wp-block-kadence-advancedheading.kt-adv-heading2568_e876c6-3d mark.kt-highlight, .wp-block-kadence-advancedheading.kt-adv-heading2568_e876c6-3d[data-kb-block=\"kb-adv-heading2568_e876c6-3d\"] mark.kt-highlight{font-style:normal;color:#f76a0c;-webkit-box-decoration-break:clone;box-decoration-break:clone;padding-top:0px;padding-right:0px;padding-bottom:0px;padding-left:0px;}<\/style>\n<p class=\"kt-adv-heading2568_e876c6-3d wp-block-kadence-advancedheading\" data-kb-block=\"kb-adv-heading2568_e876c6-3d\"><strong>A\u011f\u0131z sa\u011fl\u0131\u011f\u0131, sa\u00e7 ekimi, lazer g\u00f6z tedavisi<\/strong><\/p>\n\n\n<style>.kb-row-layout-wrap.wp-block-kadence-rowlayout.kb-row-layout-id2568_4104d7-da{margin-top:30px;margin-bottom:0px;}.kb-row-layout-id2568_4104d7-da > .kt-row-column-wrap{align-content:start;}:where(.kb-row-layout-id2568_4104d7-da > .kt-row-column-wrap) > .wp-block-kadence-column{justify-content:start;}.kb-row-layout-id2568_4104d7-da > .kt-row-column-wrap{column-gap:var(--global-kb-gap-none, 0rem );row-gap:var(--global-kb-gap-none, 0rem );max-width:1140px;margin-left:auto;margin-right:auto;padding-top:0px;padding-right:0px;padding-bottom:0px;padding-left:0px;grid-template-columns:minmax(0, calc(40% - ((var(--global-kb-gap-none, 0rem ) * 2 )\/3)))minmax(0, calc(32.7% - ((var(--global-kb-gap-none, 0rem ) * 2 )\/3)))minmax(0, calc(27.3% - ((var(--global-kb-gap-none, 0rem ) * 2 )\/3)));}.kb-row-layout-id2568_4104d7-da > .kt-row-layout-overlay{opacity:0.30;}@media all and (max-width: 1024px){.kb-row-layout-id2568_4104d7-da > .kt-row-column-wrap > div:not(.added-for-specificity){grid-column:initial;}}@media all and (max-width: 1024px){.kb-row-layout-id2568_4104d7-da > .kt-row-column-wrap{grid-template-columns:repeat(3, minmax(0, 1fr));}}@media all and (max-width: 767px){.kb-row-layout-id2568_4104d7-da > .kt-row-column-wrap > div:not(.added-for-specificity){grid-column:initial;}.kb-row-layout-id2568_4104d7-da > .kt-row-column-wrap{grid-template-columns:minmax(0, 1fr);}}<\/style><div class=\"kb-row-layout-wrap kb-row-layout-id2568_4104d7-da alignnone wp-block-kadence-rowlayout\"><div class=\"kt-row-column-wrap kt-has-3-columns kt-row-layout-equal kt-tab-layout-inherit kt-mobile-layout-row kt-row-valign-top\">\n<style>.kadence-column2568_b759e8-eb > .kt-inside-inner-col{padding-top:10px;padding-right:10px;padding-bottom:10px;padding-left:10px;}.kadence-column2568_b759e8-eb > .kt-inside-inner-col,.kadence-column2568_b759e8-eb > .kt-inside-inner-col:before{border-top-left-radius:0px;border-top-right-radius:0px;border-bottom-right-radius:0px;border-bottom-left-radius:0px;}.kadence-column2568_b759e8-eb > .kt-inside-inner-col{column-gap:var(--global-kb-gap-sm, 1rem);}.kadence-column2568_b759e8-eb > .kt-inside-inner-col{flex-direction:column;}.kadence-column2568_b759e8-eb > .kt-inside-inner-col > .aligncenter{width:100%;}.kadence-column2568_b759e8-eb > .kt-inside-inner-col:before{opacity:0.3;}.kadence-column2568_b759e8-eb{position:relative;}@media all and (max-width: 1024px){.kadence-column2568_b759e8-eb > .kt-inside-inner-col{flex-direction:column;justify-content:center;}}@media all and (max-width: 767px){.kadence-column2568_b759e8-eb > .kt-inside-inner-col{padding-right:0px;padding-left:0px;flex-direction:column;justify-content:center;}}<\/style>\n<div class=\"wp-block-kadence-column kadence-column2568_b759e8-eb inner-column-1\"><div class=\"kt-inside-inner-col\"><style>.wp-block-kadence-advancedbtn.kt-btns2568_1db4bc-fd, .site .entry-content .wp-block-kadence-advancedbtn.kt-btns2568_1db4bc-fd, .wp-block-kadence-advancedbtn.kb-btns2568_1db4bc-fd, .site .entry-content .wp-block-kadence-advancedbtn.kb-btns2568_1db4bc-fd{margin-top:0px;margin-right:0px;margin-bottom:0px;margin-left:0px;}.wp-block-kadence-advancedbtn.kb-btns2568_1db4bc-fd{gap:0px;justify-content:center;align-items:center;}.kt-btns2568_1db4bc-fd .kt-button{font-weight:normal;font-style:normal;}<\/style>\n<div class=\"wp-block-kadence-advancedbtn kb-buttons-wrap kb-btns2568_1db4bc-fd\"><style>ul.menu .wp-block-kadence-advancedbtn .kb-btn2568_c6df47-f6.kb-button{width:initial;}.wp-block-kadence-advancedbtn .kb-btn2568_c6df47-f6.kb-button{color:var(--global-palette1, #3182CE);background:var(--global-palette9, #ffffff);font-size:16px;font-weight:bold;text-transform:uppercase;border-top-left-radius:6px;border-top-right-radius:6px;border-bottom-right-radius:6px;border-bottom-left-radius:6px;border-top:0px solid #555555;border-right:0px solid #555555;border-bottom:0px solid #555555;border-left:0px solid #555555;padding-top:15px;padding-right:4px;padding-bottom:15px;padding-left:4px;}.wp-block-kadence-advancedbtn .kb-btn2568_c6df47-f6.kb-button:hover, .wp-block-kadence-advancedbtn .kb-btn2568_c6df47-f6.kb-button:focus{color:#ffffff;background:var(--global-palette2, #2B6CB0);border-top-color:#444444;border-top-style:solid;border-right-color:#444444;border-right-style:solid;border-bottom-color:#444444;border-bottom-style:solid;border-left-color:#444444;border-left-style:solid;}@media all and (max-width: 1024px){.wp-block-kadence-advancedbtn .kb-btn2568_c6df47-f6.kb-button{border-top:0px solid #555555;border-right:0px solid #555555;border-bottom:0px solid #555555;border-left:0px solid #555555;}}@media all and (max-width: 1024px){.wp-block-kadence-advancedbtn .kb-btn2568_c6df47-f6.kb-button:hover, .wp-block-kadence-advancedbtn .kb-btn2568_c6df47-f6.kb-button:focus{border-top-color:#444444;border-top-style:solid;border-right-color:#444444;border-right-style:solid;border-bottom-color:#444444;border-bottom-style:solid;border-left-color:#444444;border-left-style:solid;}}@media all and (max-width: 767px){.wp-block-kadence-advancedbtn .kb-btn2568_c6df47-f6.kb-button{border-top:0px solid #555555;border-right:0px solid #555555;border-bottom:0px solid #555555;border-left:0px solid #555555;}.wp-block-kadence-advancedbtn .kb-btn2568_c6df47-f6.kb-button:hover, .wp-block-kadence-advancedbtn .kb-btn2568_c6df47-f6.kb-button:focus{border-top-color:#444444;border-top-style:solid;border-right-color:#444444;border-right-style:solid;border-bottom-color:#444444;border-bottom-style:solid;border-left-color:#444444;border-left-style:solid;}}<\/style><a class=\"kb-button kt-button button kb-btn2568_c6df47-f6 kt-btn-size-standard kt-btn-width-type-full kb-btn-global-fill kt-btn-has-text-true kt-btn-has-svg-false wp-block-kadence-singlebtn\" href=\"https:\/\/tourismedika.com\/index.php\/contact\/\"><span class=\"kt-btn-inner-text\">Bize ulasin<\/span><\/a><\/div>\n<\/div><\/div>\n\n\n<style>.kadence-column2568_3f85d2-64 > .kt-inside-inner-col{padding-top:10px;padding-right:10px;padding-bottom:10px;padding-left:10px;}.kadence-column2568_3f85d2-64 > .kt-inside-inner-col,.kadence-column2568_3f85d2-64 > .kt-inside-inner-col:before{border-top-left-radius:0px;border-top-right-radius:0px;border-bottom-right-radius:0px;border-bottom-left-radius:0px;}.kadence-column2568_3f85d2-64 > .kt-inside-inner-col{column-gap:var(--global-kb-gap-sm, 1rem);}.kadence-column2568_3f85d2-64 > .kt-inside-inner-col{flex-direction:column;}.kadence-column2568_3f85d2-64 > .kt-inside-inner-col > .aligncenter{width:100%;}.kadence-column2568_3f85d2-64 > .kt-inside-inner-col:before{opacity:0.3;}.kadence-column2568_3f85d2-64{position:relative;}@media all and (max-width: 1024px){.kadence-column2568_3f85d2-64 > .kt-inside-inner-col{flex-direction:column;justify-content:center;}}@media all and (max-width: 767px){.kadence-column2568_3f85d2-64 > .kt-inside-inner-col{padding-right:0px;padding-left:0px;flex-direction:column;justify-content:center;}}<\/style>\n<div class=\"wp-block-kadence-column kadence-column2568_3f85d2-64 inner-column-2\"><div class=\"kt-inside-inner-col\"><\/div><\/div>\n\n\n<style>.kadence-column2568_f2cb13-6d > .kt-inside-inner-col,.kadence-column2568_f2cb13-6d > .kt-inside-inner-col:before{border-top-left-radius:0px;border-top-right-radius:0px;border-bottom-right-radius:0px;border-bottom-left-radius:0px;}.kadence-column2568_f2cb13-6d > .kt-inside-inner-col{column-gap:var(--global-kb-gap-sm, 1rem);}.kadence-column2568_f2cb13-6d > .kt-inside-inner-col{flex-direction:column;}.kadence-column2568_f2cb13-6d > .kt-inside-inner-col > .aligncenter{width:100%;}.kadence-column2568_f2cb13-6d > .kt-inside-inner-col:before{opacity:0.3;}.kadence-column2568_f2cb13-6d{position:relative;}@media all and (max-width: 1024px){.kadence-column2568_f2cb13-6d > .kt-inside-inner-col{flex-direction:column;justify-content:center;}}@media all and (max-width: 767px){.kadence-column2568_f2cb13-6d > .kt-inside-inner-col{flex-direction:column;justify-content:center;}}<\/style>\n<div class=\"wp-block-kadence-column kadence-column2568_f2cb13-6d inner-column-3\"><div class=\"kt-inside-inner-col\"><\/div><\/div>\n\n<\/div><\/div><\/div><\/div>\n\n\n<style>.kadence-column2568_846327-d4 > .kt-inside-inner-col,.kadence-column2568_846327-d4 > .kt-inside-inner-col:before{border-top-left-radius:0px;border-top-right-radius:0px;border-bottom-right-radius:0px;border-bottom-left-radius:0px;}.kadence-column2568_846327-d4 > .kt-inside-inner-col{column-gap:var(--global-kb-gap-sm, 1rem);}.kadence-column2568_846327-d4 > .kt-inside-inner-col{flex-direction:column;}.kadence-column2568_846327-d4 > .kt-inside-inner-col > .aligncenter{width:100%;}.kadence-column2568_846327-d4 > .kt-inside-inner-col:before{opacity:0.3;}.kadence-column2568_846327-d4{position:relative;}@media all and (max-width: 1024px){.kadence-column2568_846327-d4 > .kt-inside-inner-col{flex-direction:column;justify-content:center;}}@media all and (max-width: 767px){.kadence-column2568_846327-d4 > .kt-inside-inner-col{flex-direction:column;justify-content:center;}}<\/style>\n<div class=\"wp-block-kadence-column kadence-column2568_846327-d4 inner-column-2\"><div class=\"kt-inside-inner-col\"><\/div><\/div>\n\n\n<style>.kadence-column2568_3be770-eb > .kt-inside-inner-col,.kadence-column2568_3be770-eb > .kt-inside-inner-col:before{border-top-left-radius:0px;border-top-right-radius:0px;border-bottom-right-radius:0px;border-bottom-left-radius:0px;}.kadence-column2568_3be770-eb > .kt-inside-inner-col{column-gap:var(--global-kb-gap-sm, 1rem);}.kadence-column2568_3be770-eb > .kt-inside-inner-col{flex-direction:column;}.kadence-column2568_3be770-eb > .kt-inside-inner-col > .aligncenter{width:100%;}.kadence-column2568_3be770-eb > .kt-inside-inner-col:before{opacity:0.3;}.kadence-column2568_3be770-eb{position:relative;}@media all and (max-width: 1024px){.kadence-column2568_3be770-eb > .kt-inside-inner-col{flex-direction:column;justify-content:center;}}@media all and (max-width: 767px){.kadence-column2568_3be770-eb > .kt-inside-inner-col{flex-direction:column;justify-content:center;}}<\/style>\n<div class=\"wp-block-kadence-column kadence-column2568_3be770-eb\"><div class=\"kt-inside-inner-col\"><\/div><\/div>\n\n<\/div><\/div>\n\n\n<div style=\"display: flex; flex-wrap: wrap; align-items: center; justify-content: center; background-color: #fff; padding: 50px 30px; font-family: 'Segoe UI', sans-serif; box-shadow: 0 5px 15px rgba(0,0,0,0.05); border-radius: 10px;\">\n  \n  <!-- Image -->\n  <div style=\"flex: 1 1 300px; max-width: 500px; padding: 15px;\">\n    <img decoding=\"async\" src=\"https:\/\/slovenia-holidays.b-cdn.net\/wp-content\/uploads\/doctor-1.webp\" alt=\"Tourisme m\u00e9dical\" style=\"width: 100%; border-radius: 10px; box-shadow: 0 4px 12px rgba(0,0,0,0.08);\">\n  <\/div>\n  \n  <!-- Texte -->\n  <div style=\"flex: 1 1 300px; max-width: 500px; padding: 15px;\">\n    <h2 style=\"font-size: 28px; color: #1a1a1a; margin-bottom: 10px;\">DreamTeam Travel \u2013 Sa\u011fl\u0131k Orta\u011f\u0131n\u0131z<\/h2>\n    <div style=\"width: 50px; height: 4px; background-color: #007BFF; margin: 10px 0 20px;\"><\/div>\n    <p style=\"font-size: 17px; line-height: 1.8; color: #444;\">\n      DreamTeam Travel olarak sizi dinleyen bir ekiple ilk temastan itibaren yan\u0131n\u0131zday\u0131z. Misyonumuz: Sizlere insani ve profesyonel destekle kaliteli bak\u0131m garantisi vermek. T\u00fcrkiye&rsquo;de bir\u00e7ok t\u0131bbi uzmanl\u0131k alan\u0131nda arac\u0131 olarak, sorunsuz, g\u00fcven verici ve %100 size \u00f6zel bir yolculuk sa\u011fl\u0131yoruz.\n    <\/p>\n  <\/div>\n<\/div>\n\n\n\n<style>\n  .services-section {\n    text-align: center;\n    padding: 50px 20px;\n    font-family: Arial, sans-serif;\n    background-color: #f9f9f9;\n  }\n\n  .section-title {\n    font-size: 32px;\n    font-weight: 700;\n    margin-bottom: 40px;\n    text-transform: uppercase;\n    border-top: 2px solid #ccc;\n    border-bottom: 2px solid #ccc;\n    display: inline-block;\n    padding: 15px 40px;\n    color: #333;\n  }\n\n  .services-grid {\n    display: flex;\n    flex-wrap: wrap;\n    justify-content: center;\n    gap: 30px;\n  }\n\n  .service-item {\n    width: 300px;\n    box-shadow: 0 0 15px rgba(0, 0, 0, 0.08);\n    padding-bottom: 20px;\n    border-radius: 8px;\n    background: #fff;\n    transition: transform 0.3s ease;\n  }\n\n  .service-item:hover {\n    transform: translateY(-5px);\n  }\n\n  .service-item img {\n    width: 100%;\n    border-top-left-radius: 8px;\n    border-top-right-radius: 8px;\n  }\n\n  .service-item h3 {\n    margin-top: 15px;\n    font-size: 16px;\n    font-weight: bold;\n    text-transform: uppercase;\n    color: #222;\n  }\n\n  @media (max-width: 768px) {\n    .service-item {\n      width: 90%;\n    }\n  }\n<\/style>\n\n<div class=\"services-section\">\n  <h2 class=\"section-title\">Sundu\u011fumuz hizmetler<\/h2>\n  <div class=\"services-grid\">\n    <div class=\"service-item\">\n      <img decoding=\"async\" src=\"https:\/\/www.mustafakocakht.com\/wp-content\/uploads\/2023\/08\/sac.jpg\" alt=\"Greffe de cheveux\">\n      <h3>Sa\u00e7 Ekimi<\/h3>\n    <\/div>\n    <div class=\"service-item\">\n      <img decoding=\"async\" src=\"https:\/\/vipmediistanbul.com\/wp-content\/uploads\/2025\/01\/vipmediplastik.jpg\" alt=\"Chirurgie plastique\">\n      <h3>Plastik Cerrahi<\/h3>\n    <\/div>\n    <div class=\"service-item\">\n      <img decoding=\"async\" src=\"https:\/\/www.mustafakocakht.com\/wp-content\/uploads\/2023\/08\/dis.jpg\" alt=\"Dentisterie\">\n      <h3>Di\u015f Tedavileri<\/h3>\n    <\/div>\n  <\/div>\n<\/div>\n\n\n\n<p><\/p>\n","protected":false},"excerpt":{"rendered":"<p>DreamTeam Travel A\u011f\u0131z sa\u011fl\u0131\u011f\u0131, sa\u00e7 ekimi, lazer g\u00f6z tedavisi DreamTeam Travel \u2013 Sa\u011fl\u0131k Orta\u011f\u0131n\u0131z DreamTeam Travel olarak sizi dinleyen bir ekiple ilk temastan itibaren yan\u0131n\u0131zday\u0131z. Misyonumuz: Sizlere insani ve profesyonel destekle kaliteli bak\u0131m garantisi vermek. T\u00fcrkiye&rsquo;de bir\u00e7ok t\u0131bbi uzmanl\u0131k alan\u0131nda arac\u0131 olarak, sorunsuz, g\u00fcven verici ve %100 size \u00f6zel bir yolculuk sa\u011fl\u0131yoruz. Sundu\u011fumuz hizmetler Sa\u00e7&#8230;<\/p>\n","protected":false},"author":1,"featured_media":2721,"parent":0,"menu_order":0,"comment_status":"closed","ping_status":"closed","template":"","meta":{"_kadence_starter_templates_imported_post":true,"_kad_post_transparent":"","_kad_post_title":"hide","_kad_post_layout":"fullwidth","_kad_post_sidebar_id":"","_kad_post_content_style":"unboxed","_kad_post_vertical_padding":"hide","_kad_post_feature":"hide","_kad_post_feature_position":"","_kad_post_header":false,"_kad_post_footer":false,"footnotes":""},"class_list":["post-2568","page","type-page","status-publish","has-post-thumbnail","hentry"],"_links":{"self":[{"href":"https:\/\/tourismedika.com\/index.php\/wp-json\/wp\/v2\/pages\/2568","targetHints":{"allow":["GET"]}}],"collection":[{"href":"https:\/\/tourismedika.com\/index.php\/wp-json\/wp\/v2\/pages"}],"about":[{"href":"https:\/\/tourismedika.com\/index.php\/wp-json\/wp\/v2\/types\/page"}],"author":[{"embeddable":true,"href":"https:\/\/tourismedika.com\/index.php\/wp-json\/wp\/v2\/users\/1"}],"replies":[{"embeddable":true,"href":"https:\/\/tourismedika.com\/index.php\/wp-json\/wp\/v2\/comments?post=2568"}],"version-history":[{"count":18,"href":"https:\/\/tourismedika.com\/index.php\/wp-json\/wp\/v2\/pages\/2568\/revisions"}],"predecessor-version":[{"id":2803,"href":"https:\/\/tourismedika.com\/index.php\/wp-json\/wp\/v2\/pages\/2568\/revisions\/2803"}],"wp:featuredmedia":[{"embeddable":true,"href":"https:\/\/tourismedika.com\/index.php\/wp-json\/wp\/v2\/media\/2721"}],"wp:attachment":[{"href":"https:\/\/tourismedika.com\/index.php\/wp-json\/wp\/v2\/media?parent=2568"}],"curies":[{"name":"wp","href":"https:\/\/api.w.org\/{rel}","templated":true}]}}